4*l - 180, x - l + 46 = 0. Let t = x + 8. Let h = t + 123. What is the remainder when h is divided by 21?
18
Let x be (31/2 - 1/(-2)) + -2. Suppose 5*f - x = 26. What is the remainder when 30 is divided by f?
6
What is the remainder when (-1)/2*36/(-3) is divided by (1 - -3)*(-2)/(-4)?
0
Let f = 43 - 36. Let j be -3*1/(-2)*-2. Let y = 7 + j. What is the remainder when f is divided by y?
3
Suppose 0 = -6*z + 5*z. Suppose 5*p = 92 - 12. Calculate the remainder when (-7 + z + 0)*120/(-28) is divided by p.
14
Let p(x) = x**3 - 4*x**2 + 5. Let l = -149 - -167. What is the remainder when l is divided by p(4)?
3
Suppose 34*v + 4*v = 1710. What is the remainder when 134 is divided by v?
44
Let k = 598 - 561. What is the remainder when k is divided by 21?
16
What is the remainder when ((-455)/14 + -6)*(-12)/7 is divided by 35?
31
Let j(v) = -v**3 - 12*v**2 + 27*v - 12. Suppose 0 = s + 4*s - 15. Let h = s - 1. Calculate the remainder when j(-14) is divided by h.
0
Suppose 87 = -30*l + 31*l. Calculate the remainder when l is divided by 10.
7
Suppose 0*i = -5*i - 15. Let o be -1 - (i + 3) - 890. What is the remainder when 129 is divided by o/18*(-2)/3?
30
Suppose 14*u = 3949 - 449. Calculate the remainder when u is divided by 23.
20
Let p(n) = -n**3 + 8*n**2 - 10*n + 2. Let z = 25 - 14. Calculate the remainder when z is divided by p(2).
5
Suppose -1665 = -11*f - 4*f. What is the remainder when f is divided by 21?
6
Suppose -6*i = -2*i - 28. Let k = i - 5. Let c = k - -81. What is the remainder when c is divided by 21?
20
Let z = -1813 + 1986. What is the remainder when z is divided by 39?
17
Let s(y) = y**2 + 8*y + 1. Let v be s(-8). Suppose v + 1 = w. Calculate the remainder when ((-50)/6)/(w/(-12)) is divided by 13.
11
Let y be 0 + 11 + (-2 - -1). Let i(k) = -k**3 + 11*k**2 - 8*k + 7. Let r be i(y). Let p = 45 - r. What is the remainder when 35 is divided by p?
17
Let z be 399/5 - 7/(-35). Suppose 51 = 3*q - 3*p, 2*q - p - z = -2*q. Let x = -12 - -20. Calculate the remainder when q is divided by x.
5
Let h be 5/(-15)*-3 + (60 - -1). Let q = -51 + h. Calculate the remainder when 29 is divided by q.
7
Suppose 7*t = 10*t - 3. Let g be 2 - t/(4/(-24)). Suppose r - 3*r = -g. Calculate the remainder when 15 is divided by r.
3
Let d = -1811 + 1870. Calculate the remainder when 292 is divided by d.
56
Suppose m + 31 - 71 = 0. What is the remainder when 111 is divided by m?
31
Let m = 471 + -421. What is the remainder when 349 is divided by m?
49
Suppose w + 8 = 5*w. Let m(q) = 3*q + 3. Let o be m(-10). What is the remainder when w is divided by 6/o + (-40)/(-18)?
0
Let t = -32 - -58. Suppose 0 = 7*v - 886 + 347. Calculate the remainder when v is divided by t.
25
Suppose -x - 14 = -5*x - t, -5*x + 17 = t. What is the remainder when 13 is divided by (-6)/(-9) + (0 - (-7)/x)?
1
Let y(s) be the first derivative of 2*s**3/3 - s**2/2 + 3*s + 1. Calculate the remainder when 29 + 1 - -2 - -1 is divided by y(3).
15
Let t = 32 - 23. Suppose 243*c - 4774 = 166*c. What is the remainder when c is divided by t?
8
Suppose 3*u = 5*j - 2*u - 215, -2*u - 6 = 0. Suppose 5*h = j + 10. What is the remainder when 16 is divided by h?
6
Suppose -7*f + 281 = -55. What is the remainder when 332 is divided by f?
44
Let p(v) = -v**2 + 14*v - 23. Let m be p(10). Suppose -m + 125 = 4*c. Calculate the remainder when c is divided by 14.
13
Suppose -a - 20 = 5*d, 3*d + 2*a - 6*a = 11. What is the remainder when 34 - 6*3/6 is divided by (-23 - -1)*d/6?
9
Let s = -44 - -78. What is the remainder when 202 is divided by s?
32
Let c(s) be the second derivative of -s**4/6 + 25*s**3/6 + s**2/2 - 11*s. What is the remainder when (-2)/(-4) - (-99)/2 is divided by c(12)?
11
Let d(i) = -10*i**2 + 41*i + 1. What is the remainder when 43 is divided by d(4)?
3
Let i be -2 + (13 - 4 - -2). Suppose 4*z - 47 = i. Suppose z = 2*u - u. What is the remainder when u is divided by 9?
5
Let s = 22 - 34. Let z = s + 20. Let y = -30 - -59. Calculate the remainder when y is divided by z.
5
Suppose -5*k = 2*a - 8 - 25, a = 4*k - 16. Suppose -k + 27 = 2*q. Let s = -14 - -34. What is the remainder when s is divided by q?
9
Let q = -5 - -26. Suppose -d + 5*d - 26 = t, -q = t - 3*d. Calculate the remainder when (-1 + (-51)/t)*4 is divided by 16.
14
Let w(h) = -139*h - 6. Let o be w(-2). Let y = o - 185. Calculate the remainder when y is divided by 30.
27
Calculate the remainder when 185 is divided by 155/20*-2*(1 - 3).
30
Suppose 0 = -3*r + 5*c + 413, -2 = -c + 3. Calculate the remainder when r is divided by 30.
26
Let h = -174 - -214. Calculate the remainder when 237 is divided by h.
37
Let p = -15 + 17. Suppose -4*f + 81 = 4*g - 151, 0 = 2*g - p. Calculate the remainder when f is divided by 1 + 0 + -9 + 38.
27
Let d(a) = 10*a**3 - a**2 + 2. Let j(v) = -2*v + 6. Let i be j(4). Let x be d(i). Let r = x - -139. Calculate the remainder when r is divided by 10.
7
Let i = -51 + 36. Let a(t) = -t. Let x be a(-1). Let o = x - i. What is the remainder when 62 is divided by o?
14
Suppose -2 = 2*w - 34. Calculate the remainder when 319 is divided by w.
15
Let o = -12 + 29. Let k(g) be the first derivative of g**3 + 5*g**2/2 - g + 1. What is the remainder when k(-5) is divided by o?
15
Let o = 85 + -37. Suppose 0 = -5*s - 1 + 11. What is the remainder when o is divided by (s - -17) + (-1 - 1)?
14
Suppose 4*j + j = -4*d + 74, -3*d = j - 6. Suppose -899 = -13*l + 193. What is the remainder when l is divided by j?
12
Suppose 0 = 4*n - 5*z - 1020 + 881, z + 179 = 5*n. Calculate the remainder when n is divided by -1 + -20*(1 + -2).
17
Let q = -113 + 283. Suppose 2*u = -2*k - 2*u + q, 86 = k + 3*u. What is the remainder when k is divided by 29?
25
Suppose 0 = 44*i - 78*i + 204. Calculate the remainder when 830 is divided by i.
2
Let f be (260/12)/5 - (-2)/(-6). Suppose 0 = r + 2*b - 24, b + 3 = r - f*b. What is the remainder when 88 is divided by r?
16
Suppose 366*p = 373*p - 4739. Calculate the remainder when p is divided by 20.
17
Let v(x) = x - 4. Let g be v(11). Let j = 3 + g. Suppose -j*i + 15*i - 285 = 0. What is the remainder when i is divided by 15?
12
Let h = 294 + -189. Let j(d) be the third derivative of d**5/60 - d**4/3 - 19*d**3/3 - d**2 - 11*d. Calculate the remainder when h is divided by j(-5).
24
Suppose -5*y = -5*g - 3*y + 688, 0 = -4*g - 5*y + 524. Calculate the remainder when g is divided by 20.
16
Suppose 2*w = -3*w + 10. Suppose r + w*r - 69 = 0. Calculate the remainder when 44 is divided by r.
21
Let z = 1086 + -1073. What is the remainder when z is divided by 12?
1
Let w(d) = -9*d + 3. Suppose -2*t - 4*g + 57 = -3, -4*t + 120 = -3*g. What is the remainder when w(-6) is divided by t?
27
Let a(o) = 14*o - 47. Calculate the remainder when a(14) is divided by 38.
35
Let r = -12 + 19. Suppose 56 = -r*d + 168. What is the remainder when 47 is divided by d?
15
Suppose -5*p - 21 - 54 = 0. Let k(f) = f**3 + 16*f**2 + 11*f - 35. Calculate the remainder when k(p) is divided by 14.
11
Let q = 24 + -18. What is the remainder when 49 is divided by 29 + (-8)/q*3?
24
Let x = 303 - 293. Calculate the remainder when 88 is divided by x.
8
Suppose -k + 221 = -0*k. Suppose k + 55 = 4*t. Let y = -7 + 25. Calculate the remainder when t is divided by y.
15
Suppose -3*h + 7*h = 0. Suppose 108 = -h*c - c. What is the remainder when (4/(-8))/(1/c) is divided by 14?
12
Suppose x + 5*k = 73, 33 = -4*k + 45. Calculate the remainder when 346 is divided by x.
56
Suppose -72 = 38*i - 47*i. Calculate the remainder when 69 is divided by i.
5
Suppose -13 + 34 = -k. Let o = k - -37. Suppose 3*z - 6 = 2*z. Calculate the remainder when o is divided by z.
4
Let u = -8 + 19. Suppose c = q - u, -2*q - 5*c = 3*q - 35. Suppose 2*m = q*d - 5*d - 66, 4*d - 4*m - 60 = 0. What is the remainder when d is divided by 4?
2
Let p(i) = 5*i**3 + i**2 - i - 1. Let d be p(1). Suppose 5*f + 10 = -5*s, 3*f = d*s + 5*f. Calculate the remainder when 7 is divided by s.
1
Let y = -1009 - -1025. What is the remainder when 591 is divided by y?
15
Suppose 3*p + 2*p - 5*z - 30 = 0, -z = 2. Suppose 13 = -p*b + 1. What is the remainder when (25/(-2))/(b/12) is divided by 26?
24
Let n = 14 + -1. Suppose n + 0 = -x - 4*y, 12 = x - y. Suppose -3*o - 132 = -x*o. What is the remainder